What is -5 + (5 - (4 - (-7 - -6)))?
-5
What is (-1 - 0 - (4 + -2)) + 2?
-1
-4 + 0 + -3 + 10 - -2
5
3 + -15 + 2 - -12
2
Evaluate (-1 - 0) + (-4 + 4 - 4).
-5
What is 3 + -2 + -8 + 2?
-5
What is the value of 2 + (4 - 1) + -26 + 23?
2
6 + -11 + 0 + -1
-6
What is the value of -38 + 29 + 9 + -1?
-1
Calculate (2 - 1 - 2) + (-1 - -4).
2
Calculate 21 + -24 + 5 + 0.
2
Calculate (0 + 0 - -2) + -10 + 7.
-1
Calculate -2 - -8 - (0 - (0 + -2)).
4
What is the value of -28 + 28 + 2 + -7 + 1?
-4
Evaluate -12 + 2 - -3 - (-2 - 2).
-3
Calculate -3 + (0 + 3 - -4) + -3.
1
-3 + 2 - (-3 + 2)
0
Evaluate -2 - (0 + -4) - 1.
1
Calculate 0 - (-1 - (3 + -8)).
-4
Evaluate (-7 - -3 - -4) + 5.
5
What is the value of 2 - (3 + (-3 - (6 - 4)))?
4
What is the value of 10 + -8 + 0 - (-1 + 7)?
-4
Calculate -12 + 13 - (1 - 1 - 4).
5
What is the value of (-4 + 14 - 5) + -14?
-9
What is the value of -1 + 2 - (6 - (-5 + 9))?
-1
1 + -2 - (1 - 2)
0
What is -2 + 5 + 2 - (0 + 10)?
-5
What is the value of 0 - (-3 + 6 + 2 - 4)?
-1
Evaluate (-4 - -4) + -2 - -6.
4
Calculate 9 + (-3 - (1 - 0)).
5
What is -5 + -5 + (10 - 9)?
-9
Evaluate 1 - (6 + -6 + (3 - 2)).
0
Evaluate 32 + -38 - (0 + -10).
4
What is the value of -3 + 0 + (-7 - -2 - -4)?
-4
What is the value of 2 + 1 - (8 + -7)?
2
What is the value of 4 - (15 + -6) - -6?
1
Calculate -5 + -6 + (-4 - -12).
-3
-1 + 4 - (8 + 1 + -6)
0
Calculate 0 + -3 + 0 + 0.
-3
Calculate -22 - (17 + -33) - (0 - 2).
-4
Calculate -31 - -35 - (-1 + 5).
0
What is (8 - 1) + 54 + -62?
-1
Evaluate (2 - 0) + -4 - (3 - 2).
-3
Calculate 8 - ((30 - 33) + 1 + 1).
9
Calculate 4 - (-12 + 7 + 15).
-6
Calculate -6 + -5 + 4 + 1 + 3.
-3
Calculate (76 - 69) + 2 + -5.
4
Evaluate 0 - -6 - (-13 + 6 + 11).
2
(-2 - -2 - -3) + -5 + 1
-1
Calculate -3 + -11 - (23 + -32).
-5
Calculate -4 + 15 - (6 + 4).
1
What is 0 - ((0 - 0) + (-3 - -3))?
0
Evaluate -2 - -2 - 11 - (-5 + -1).
-5
What is -2 - -2 - (26 - 32)?
6
Evaluate (-11 - -7 - (1 - -2)) + 2.
-5
(1 - (-4 + 0)) + -2
3
What is the value of (4 - 9) + 4 + -1 + 1?
-1
What is -1 - (1 + -1 + -4 - -2)?
1
-5 + 4 + 0 + (0 - 3)
-4
What is the value of (-6 + 3 - 1) + 6?
2
Evaluate 0 + -8 - (-15 + 27 + -19).
-1
Calculate (-9 - -2) + (-4 - -2) + 11.
2
What is the value of 7 + -9 + 2 + 4?
4
What is the value of -11 + 7 + 3 + 3?
2
Calculate -1 + -2 - (5 + -7).
-1
What is the value of 6 + -1 + (-1 - -2 - 2)?
4
Evaluate (1 - -1) + (-2 - -1).
1
(0 - (-1 + 4)) + 3
0
Evaluate 1 + (-1 - 0) - (-65 - -68).
-3
What is the value of (-1 - -5) + (-1 - 1) + 3?
5
What is -4 + 0 - (-9 - -6)?
-1
What is -3 + 7 + (5 - 4)?
5
Calculate 0 + -6 + 0 + (7 - 3).
-2
What is the value of 4 - 0 - (2 + 6)?
-4
4 + 1 + 3 + -6
2
What is 3 + -9 + -6 + 7?
-5
Calculate 6 + -6 + -3 + 2.
-1
Evaluate 7 - (17 + -7 + 0).
-3
3 - 2 - 5 - (-1 - -1)
-4
What is -4 + 0 - (10 + -10)?
-4
-8 - (1 + -5) - (2 + -2)
-4
-19 - -17 - (-4 + -5)
7
Evaluate -3 + 6 - (-6 - -13).
-4
What is 7 + (1 - (-1 - -7 - 0))?
2
What is the value of 5 + (-2 - (4 + 1)) - -5?
3
Calculate 6 + (-9 - (6 - 6)).
-3
Evaluate 3 + -5 + 6 + -4.
0
What is the value of (0 + 3 - 2) + -9?
-8
What is -4 + (-1 - -1) + 2?
-2
Evaluate 3 - (3 + 9) - -4.
-5
What is (-3 - 2 - 1) + 2 + 0?
-4
What is the value of (-1 - -1 - -3) + 2?
5
-2 - -7 - (0 + 5)
0
Calculate 7 - ((1 - -2) + -1).
5
Calculate (-5 - (0 - 6 - -1)) + 4.
4
Calculate -16 + (8 - 2) - -6.
-4
Calculate (-4 - (-2 + -10)) + -1 + -4.
3
Calculate -1 + (-37 - -26 - (-5 + 1)).
-8
Calculate 4 + (0 - (4 + 1 + 0)).
-1
What is the value of 0 + (1 - -1) + 3?
5
-9 - (0 - (3 + 1) - 0)
-5
Calculate 7 + 0 + (-24 - -3) + 4.
-10
Evaluate 7 - (3 + 0 + -2 - -2).
4
Calculate -3 - ((1 + -3 - 0) + 4).
-5
2 + -10 + 5 + -1
-4
Evaluate 3 + -2 - (7 - 10).
4
-8 - -9 - (1 - (1 + -2))
-1
What is 4 + -1 + -15 + 20?
8
What is 0 - 1 - (101 + -97)?
-5
What is the value of 18 - 21 - (2 - -2)?
-7
What is -5 - -1 - (-2 + (-4 - -2))?
0
Calculate (-4 - (-1 + -1)) + -5 - -4.
-3
What is the value of (-15 + 1 + 3 - -3) + 3?
-5
Evaluate -2 + -1 + 3 + -50 + 55.
5
What is the value of 0 + 3 - (1 + 2)?
0
Evaluate -2 + 2 + 0 + 4.
4
What is (-2 - -5) + -2 + 1 + 0?
2
Evaluate 11 + (-30 - -26 - (2 - 1)).
6
What is (0 - 10) + 4 - -2?
-4
Calculate -10 + 7 + -2 - (-6 - -1).
0
Calculate 1 - 15 - (-16 + 6).
-4
What is the value of 0 + -9 - -17 - 7?
1
Evaluate 1 + -5 + 5 + -3.
-2
What is (-1 + 1 + -2 - 2) + 5?
1
What is the value of (4 - 4 - -6) + -4?
2
Evaluate -13 + 0 + (-4 - -5) + 4.
-8
0 - (0 + 8 + -5) - -9
6
Calculate (0 - -1 - -3) + -1 + -1.
2
3 + -3 + (-6 + 4 - -7)
5
What is the value of -15 + 15 + -12 + 3?
-9
Calculate 0 + -5 - (-9 + 8 + -2).
-2
What is the value of -8 - (-1 - -2 - (4 - -1))?
-4
9 - ((-7 - -12) + -3 + 1)
6
What is 8 + (3 - 7) - 3?
1
What is -4 + 2 + -2 - (4 - 4)?
-4
-3 - (-5 - -11) - -7 - 2
-4
4 - (25 + -11) - -6
-4
What is 3 - (7 + -12) - 1?
7
What is -1 - -6 - (-5 + -4 - -12)?
2
What is 2 + (-2 - -8) - 3?
5
-10 - (-20 - -12) - (-4 + 1)
1
Evaluate (-21 - (-24 + 9)) + -1 + 12.
5
What is 96 + -98 + -4 + 1?
-5
What is the value of 4 + (-12 + 6 + 0 - -3)?
1
Evaluate (-14 - -28) + -24 + (9 - 2).
-3
Evaluate -1 - 5 - (10 + -8 + -6).
-2
Calculate -4 - (-4 + -2 + -3).
5
What is (-1 + 6 - (5 + -3)) + 1?
4
What is (-8 - -1) + (2 - (-2 - 0))?
-3
Calculate 6 + -5 + (2 - 3).
0
What is the value of 2 - (-9 + 6 + 7)?
-2
What is 23 + -8 + -17 + 10?
8
Evaluate 3 - -3 - (16 + -13).
3
Calculate 10 - (-1 - -21) - -13.
3
Calculate (1 - (-1 - -2)) + -49 + 49.
0
-8 + 7 + 3 - (-7 + 3)
6
Calculate 8 + -6 + (-8 - 2).
-8
What is the value of -9 + 6 + -8 + 8?
-3
What is the value of 3 + 0 + (-4 + 1 - 1)?
-1
What is 86 + -106 - (1 + -14)?
-7
What is 14 - 16 - (5 - 2)?
-5
6 - 1 - (85 + -78)
-2
51 + -43 - (0 - -12) - -1
-3
(-8 - 3) + 1 + 9
-1
Evaluate -1 - 1 - 3 - -3.
-2
Evaluate -64 + 49 - (-1 + -11).
-3
Calculate (-4 - (4 + -2)) + 7 + -9.
-8
Evaluate -3 - (-6 + (3 - 0)).
0
What is 1 - 1 - -1 - -5?
6
Calculate 12 - (-8 + 7 + 8).
5
What is the value of (14 - -2) + -6 - (4 - -1)?
5
-2 + -1 + 2 + (1 - 3)
-3
Calculate -1 - -1 - (8 + -5).
-3
What is (2 - 1) + 2 + -1 + -6?
-4
(10 - (1 + 5)) + -2
2
-3 - (-12 - (2 + -7))
4
Evaluate -7 + 20 + -8 + -2.
3
What is the value of (2 - 4) + 0 + -1?
-3
What is (3 - 2) + -5 - -7?
3
Evaluate -11 - (-16 - (-20 - -13)).
-2
Calculate (23 - 19) + -1 + 0 - 5.
-2
What is the value of -4 + 4 + -3 + 0?
-3
What is the value of -6 + (-3 - -6) - -8?
5
Calculate -5 + (-4 - (-6 - -2)) - 0.
-5
Calculate (0 - -6 - -3) + -6.
3
Evaluate 1 - (2 + -7) - 1.
5
What is 4 + 1 + 0 + -6?
-1
What is the value of 13 + -5 + -2 + -4?
2
Evaluate -4 + -1 - (-8 + (-2 - -4)).
1
Calculate -6 + 1 + 4 - (1 - -1).
-3
What is the value of 6 + (-2 + 0 - -2) + -2?
4
What is the value of 5 - 3 - (2 - 2)?
2
(-2 + -8 - -9) + (0 - 0)
-1
What is the value of -7 - (12 - (22 - -4))?
7
Calculate -4 - -6 - 4 - 0.
-2
What is the value of -10 + -2 + 7 + (0 - -3)?
-2
(0 - 1) + -45 + 43 + -5
-8
5 + -5 + 2 - (4 - 2)
0
Calculate -14 + 11 + 9 + -3.
3
Calculate 0 - (-5 + (-2 - -9) - -2).
-4
Calculate -12 - -9 - (7 - 4).
-6
What is -35 + 46 + 3 + -6?
8
What is -1 - (-1 + 6 + -4)?
-2
Calculate 4 - (0 + 3 + -4 + -2).
7
Calculate (0 - 1) + 0 - (49 - 52).
2
Evaluate (23 - 22) + (0 - 5).
-4
What is the value of 3 + -1 - (-5 + -8 + 19)?
-4
What is (1 + -2 - 0) + -3 + 3?
-1
Evaluate 0 + (-2 - -3) + 3 + -2.
2
What is the value of -4 - (10 + -13 - (1 + -1))?
-1
Evaluate -7 - (-1 + 4 + -8).
-2
What is the value of -1 - 4 - (10 + -7) - -15?
7
What is the value of (2 - 1) + (-1 - -4)?
4
Calculate 32 - 14 - (19 + -8).
7
(5 + -3 - 4) + -1 + -2
-5
(5 - 9 - -1) + 6 - -3
6
What is (4 - 8) + 8 + -5 + 2?
1
What is 10 + (-27 - -11) + 3?
-3
What is (-3 - (-2 - -1)) + 6?
4
Evaluate 0 - -4 - (-4 + 0 + 9).
-1
Calculate 4 + (-2 + -5 - -6).
3
1 + -10 - -2 - (4 + -18)
7
Calculate -46 + 43 + 6 + 0.
3
What is the value of -7 - (-3 + (-2 - 4))?
2
-6 - (-1 + -1 - (-33 + 39))
2
What is the value of 4 + (2 + -3 - -1) - 9?
-5
Calculate (-1 - 1 - 6) + 2.
-6
Calculate -2 - (2 - 17 - -11).
2
What is 5 - 13 - -3 - 1?
-6
Calculate -15 + 9 + -1 + 4 + -5.
-8
1 + (-4 - -2) - -2
1
(-3 - 3 - 1) + 4 + -2
-5
What is the value of (-3 - 4) + -4 + (-2 - -21)?
8
6 + 1 + 5 + -9 + -1
2
Evaluate -26 - -10 - (-9 - 2).
-5
Calculate (-11 - -15) + -6 + 1.
-1
Calculate 4 - 2 - (0 + -7 + 4).
5
Evaluate -1 - -2 - (5 + -9)